
{"id":8,"date":"2020-02-01T22:29:40","date_gmt":"2020-02-01T22:29:40","guid":{"rendered":"http:\/\/www.vanderheyden.be\/wordpress\/?page_id=8"},"modified":"2024-10-13T10:34:29","modified_gmt":"2024-10-13T10:34:29","slug":"about","status":"publish","type":"page","link":"https:\/\/www.vanderheyden.be\/wordpress\/index.php\/about\/","title":{"rendered":"About"},"content":{"rendered":"<p><span class=\"Rxerq\">J&rsquo;aurais voulu \u00eatre un artiste<\/span><br aria-hidden=\"true\" \/>Pour pouvoir faire mon num\u00e9ro &#8230;<br \/>En r\u00e9alit\u00e9, je suis de la g\u00e9n\u00e9ration X, tomb\u00e9 dans l&rsquo;informatique d\u00e8s son adolescence: <br \/>G\u00e9n\u00e9ration &laquo;&nbsp;Commodore 64&nbsp;&raquo; et Amiga.<br \/>Le bon vieux temps on peut dire.<\/p>\n\n\n<p><\/p>\n","protected":false},"excerpt":{"rendered":"<p>J&rsquo;aurais voulu \u00eatre un artistePour pouvoir faire mon num\u00e9ro &#8230;En r\u00e9alit\u00e9, je suis de la g\u00e9n\u00e9ration X, tomb\u00e9 dans l&rsquo;informatique d\u00e8s son adolescence: G\u00e9n\u00e9ration &laquo;&nbsp;Commodore 64&nbsp;&raquo; et Amiga.Le bon vieux temps on peut dire.<\/p>\n","protected":false},"author":1,"featured_media":5,"parent":0,"menu_order":0,"comment_status":"closed","ping_status":"closed","template":"","meta":[],"_links":{"self":[{"href":"https:\/\/www.vanderheyden.be\/wordpress\/index.php\/wp-json\/wp\/v2\/pages\/8"}],"collection":[{"href":"https:\/\/www.vanderheyden.be\/wordpress\/index.php\/wp-json\/wp\/v2\/pages"}],"about":[{"href":"https:\/\/www.vanderheyden.be\/wordpress\/index.php\/wp-json\/wp\/v2\/types\/page"}],"author":[{"embeddable":true,"href":"https:\/\/www.vanderheyden.be\/wordpress\/index.php\/wp-json\/wp\/v2\/users\/1"}],"replies":[{"embeddable":true,"href":"https:\/\/www.vanderheyden.be\/wordpress\/index.php\/wp-json\/wp\/v2\/comments?post=8"}],"version-history":[{"count":6,"href":"https:\/\/www.vanderheyden.be\/wordpress\/index.php\/wp-json\/wp\/v2\/pages\/8\/revisions"}],"predecessor-version":[{"id":72,"href":"https:\/\/www.vanderheyden.be\/wordpress\/index.php\/wp-json\/wp\/v2\/pages\/8\/revisions\/72"}],"wp:featuredmedia":[{"embeddable":true,"href":"https:\/\/www.vanderheyden.be\/wordpress\/index.php\/wp-json\/wp\/v2\/media\/5"}],"wp:attachment":[{"href":"https:\/\/www.vanderheyden.be\/wordpress\/index.php\/wp-json\/wp\/v2\/media?parent=8"}],"curies":[{"name":"wp","href":"https:\/\/api.w.org\/{rel}","templated":true}]}}

<p><span class="Rxerq">J&rsquo;aurais voulu être un artiste</span><br aria-hidden="true" />Pour pouvoir faire mon numéro &#8230;<br />En réalité, je suis de la génération X, tombé dans l&rsquo;informatique dès son adolescence: <br />Génération &laquo;&nbsp;Commodore 64&nbsp;&raquo; et Amiga.<br />Le bon vieux temps on peut dire.</p>


<p></p>

<p>J&rsquo;aurais voulu être un artistePour pouvoir faire mon numéro &#8230;En réalité, je suis de la génération X, tombé dans l&rsquo;informatique dès son adolescence: Génération &laquo;&nbsp;Commodore 64&nbsp;&raquo; et Amiga.Le bon vieux temps on peut dire.</p>
